368 is divided by 358263.
105
What is the remainder when 48858 is divided by 2568?
66
What is the remainder when 32511 is divided by 1773?
597
What is the remainder when 2958774 is divided by 4998?
4956
What is the remainder when 2641832 is divided by 23798?
254
Calculate the remainder when 3619009 is divided by 135.
64
Calculate the remainder when 36730045 is divided by 2368.
2365
What is the remainder when 996262 is divided by 1350?
1312
What is the remainder when 83853 is divided by 82814?
1039
Calculate the remainder when 268247 is divided by 44676.
191
Calculate the remainder when 207719 is divided by 4862.
3515
Calculate the remainder when 8380 is divided by 286.
86
Calculate the remainder when 367092 is divided by 810.
162
Calculate the remainder when 66417 is divided by 1774.
779
Calculate the remainder when 2458359 is divided by 106.
7
What is the remainder when 27531077 is divided by 90?
77
What is the remainder when 585450 is divided by 146338?
98
What is the remainder when 38811870 is divided by 12?
6
Calculate the remainder when 7008 is divided by 91.
1
Calculate the remainder when 11830549 is divided by 33.
16
Calculate the remainder when 45736 is divided by 866.
704
What is the remainder when 76142 is divided by 12044?
3878
Calculate the remainder when 5236355 is divided by 82.
81
Calculate the remainder when 6146595 is divided by 171.
0
Calculate the remainder when 62856 is divided by 20709.
729
What is the remainder when 11585191 is divided by 6?
1
What is the remainder when 2091806 is divided by 294?
290
Calculate the remainder when 5603720 is divided by 1858.
1850
Calculate the remainder when 3460830 is divided by 1170.
1140
Calculate the remainder when 5713338 is divided by 3924.
3918
What is the remainder when 52135 is divided by 3224?
551
What is the remainder when 2940804 is divided by 227?
19
What is the remainder when 105520 is divided by 13176?
112
Calculate the remainder when 6432365 is divided by 26362.
37
Calculate the remainder when 3086829 is divided by 33921.
18
Calculate the remainder when 240118 is divided by 25931.
6739
Calculate the remainder when 165625 is divided by 130.
5
What is the remainder when 21900021 is divided by 1913?
1910
Calculate the remainder when 326831 is divided by 25140.
11
What is the remainder when 593493 is divided by 118679?
98
Calculate the remainder when 243153 is divided by 164.
105
What is the remainder when 20096287 is divided by 293?
3
What is the remainder when 119206 is divided by 39321?
1243
Calculate the remainder when 7370449 is divided by 23.
7
Calculate the remainder when 185318 is divided by 10893.
137
Calculate the remainder when 133156 is divided by 26629.
11
What is the remainder when 180353358 is divided by 7672?
7654
Calculate the remainder when 49916241 is divided by 49916221.
20
What is the remainder when 149962 is divided by 195?
7
Calculate the remainder when 53708 is divided by 8929.
134
What is the remainder when 75705172 is divided by 796?
0
What is the remainder when 1299045 is divided by 2758?
27
Calculate the remainder when 1497863 is divided by 19971.
38
Calculate the remainder when 1658597 is divided by 599.
565
What is the remainder when 6664646 is divided by 2824?
6
Calculate the remainder when 11325 is divided by 3267.
1524
What is the remainder when 937230 is divided by 44629?
21
Calculate the remainder when 118248833 is divided by 78.
53
Calculate the remainder when 22226632 is divided by 2381.
2378
What is the remainder when 1840883 is divided by 6482?
6477
Calculate the remainder when 30432 is divided by 202.
132
What is the remainder when 51362 is divided by 2895?
2147
Calculate the remainder when 96389 is divided by 3551.
512
Calculate the remainder when 265744 is divided by 66421.
60
Calculate the remainder when 1811627 is divided by 52.
51
What is the remainder when 587631733 is divided by 8?
5
Calculate the remainder when 5953571 is divided by 1543.
677
Calculate the remainder when 1160947 is divided by 1044.
19
What is the remainder when 80506 is divided by 11896?
9130
What is the remainder when 753269 is divided by 195?
179
What is the remainder when 102014401 is divided by 277?
10
Calculate the remainder when 1056373 is divided by 524.
513
Calculate the remainder when 69893645 is divided by 44.
41
What is the remainder when 310576 is divided by 21979?
2870
What is the remainder when 104359191 is divided by 6278?
6275
Calculate the remainder when 28967890 is divided by 161.
126
What is the remainder when 17721947 is divided by 853?
19
Calculate the remainder when 6131022 is divided by 3615.
3597
What is the remainder when 332903998 is divided by 4290?
4288
What is the remainder when 2390560 is divided by 27797?
18
Calculate the remainder when 820248 is divided by 572.
0
Calculate the remainder when 1052003 is divided by 1826.
227
Calculate the remainder when 121618 is divided by 60801.
16
What is the remainder when 6952497 is divided by 4704?
4689
What is the remainder when 799859 is divided by 619?
111
What is the remainder when 18507326 is divided by 165?
101
Calculate the remainder when 27646225 is divided by 13.
9
What is the remainder when 14269 is divided by 1082?
203
What is the remainder when 49059 is divided by 24435?
189
Calculate the remainder when 2027862 is divided by 405564.
42
Calculate the remainder when 2664 is divided by 170.
114
What is the remainder when 746972 is divided by 149317?
387
Calculate the remainder when 4789966 is divided by 478995.
16
Calculate the remainder when 11220496 is divided by 14591.
17
What is the remainder when 273238 is divided by 120?
118
What is the remainder when 28846 is divided by 14267?
312
Calculate the remainder when 37979088 is divided by 45.
33
Calculate the remainder when 22471552 is divided by 151.
34
What is the remainder when 605496 is divided by 99?
12
What is the remainder when 187173 is divided by 186797?
376
Calculate the remainder when 46982 is divided by 3732.
2198
Calculate the remainder when 63304480 is divided by 453.
448
What is the remainder when 757057 is divided by 71?
55
What is the remainder when 29614900 is divided by 375?
25
What is the remainder when 401279 is divided by 1638?
1607
What is the remainder when 1125799 is divided by 374837?
1288
What is the remainder when 1035830 is divided by 698?
696
What is the remainder when 39565763 is divided by 34?
31
What is the remainder when 7617114 is divided by 346232?
10
Calculate the remainder when 9927 is divided by 3964.
1999
Calculate the remainder when 5911509 is divided by 58.
33
Calculate the remainder when 413894 is divided by 4472.
2470
What is the remainder when 44822861 is divided by 189?
188
Calculate the remainder when 1727377 is divided by 2399.
97
Calculate the remainder when 245959 is divided by 4390.
119
Calculate the remainder when 7890 is divided by 3343.
1204
What is the remainder when 580389 is divided by 58010?
289
What is the remainder when 10188731 is divided by 1698092?
179
What is the remainder when 9866282 is divided by 758942?
36
What is the remainder when 214642 is divided by 39?
25
Calculate the remainder when 417215 is divided by 165.
95
What is the remainder when 52979904 is divided by 39?
3
What is the remainder when 1026862 is divided by 916?
26
What is the remainder when 6184730 is divided by 61?
1
Calculate the remainder when 11200050 is divided by 8812.
8810
Calculate the remainder when 67146568 is divided by 54.
52
Calculate the remainder when 15789275 is divided by 553.
19
Calculate the remainder when 198110 is divided by 79.
57
Calculate the remainder when 949516 is divided by 135640.
36
What is the remainder when 1688771 is divided by 932?
919
Calculate the remainder when 4711830 is divided by 245.
235
What is the remainder when 303259 is divided by 9489?
9100
What is the remainder when 396281 is divided by 4125?
281
Calculate the remainder when 1247556 is divided by 14639.
3241
What is the remainder when 355933 is divided by 15?
13
Calculate the remainder when 309442 is divided by 364.
42
Calculate the remainder when 2100369 is divided by 470.
409
Calculate the remainder when 134382 is divided by 9227.
5204
What is the remainder when 87964498 is divided by 325?
323
Calculate 